What is the highest common factor of 6851088 and 2592?
432
What is the highest common factor of 8409 and 30747?
3
What is the greatest common factor of 11724 and 61518759?
2931
Calculate the highest common divisor of 210 and 13776560.
70
Calculate the greatest common divisor of 19527615 and 529695.
3555
What is the greatest common divisor of 7909709 and 289?
17
Calculate the greatest common factor of 2195 and 58575770.
2195
What is the greatest common divisor of 3064 and 33878648?
3064
Calculate the highest common divisor of 13644176 and 1456.
1456
What is the greatest common factor of 3085089 and 1054?
31
What is the greatest common factor of 86426 and 401162?
158
What is the greatest common factor of 1562 and 625860598?
1562
What is the greatest common factor of 4010525 and 5605?
295
Calculate the highest common divisor of 360 and 3616208.
8
Calculate the greatest common divisor of 9504 and 44887788.
396
What is the greatest common factor of 197099 and 2513?
7
Calculate the highest common divisor of 58702141 and 115.
23
Calculate the greatest common factor of 12395 and 22417865.
335
Calculate the greatest common factor of 270579 and 7581.
57
What is the highest common factor of 4755198 and 28?
14
Calculate the greatest common factor of 615195594 and 39.
39
Calculate the greatest common divisor of 491827 and 629.
17
Calculate the highest common divisor of 8713494 and 138.
6
Calculate the highest common factor of 35173573 and 309.
103
What is the highest common factor of 18202 and 1985614?
38
What is the highest common factor of 2645 and 73299827?
529
Calculate the greatest common divisor of 898543180 and 16844.
16844
Calculate the greatest common divisor of 8792 and 11063633.
1099
What is the highest common factor of 450 and 7974306?
18
Calculate the highest common divisor of 51 and 14630166.
51
Calculate the greatest common divisor of 609 and 1128825.
87
What is the highest common factor of 3529681 and 5792?
181
What is the greatest common factor of 22982670 and 2160?
270
What is the highest common factor of 86146158 and 273?
21
Calculate the highest common factor of 9177645 and 20295.
615
Calculate the highest common divisor of 2196732 and 1464.
732
What is the greatest common divisor of 1781 and 99125?
13
Calculate the highest common divisor of 180397408 and 668.
668
What is the greatest common factor of 80 and 2951545?
5
What is the highest common divisor of 5341 and 322371?
49
What is the highest common factor of 8376 and 5967551?
349
Calculate the highest common divisor of 166453 and 3288124.
301
What is the greatest common divisor of 46528 and 117774?
1454
What is the greatest common factor of 1395476 and 2144?
268
What is the highest common factor of 1421 and 51678?
29
What is the highest common divisor of 1218035 and 1105?
65
Calculate the greatest common divisor of 1036534352 and 62.
62
What is the highest common divisor of 295657 and 1211?
173
Calculate the highest common factor of 11577740 and 4140.
460
Calculate the highest common divisor of 148741704 and 3366.
306
Calculate the highest common divisor of 158290 and 154.
22
Calculate the greatest common divisor of 1214753539 and 1049.
1049
Calculate the greatest common divisor of 7916603 and 99479.
3209
What is the greatest common divisor of 7564650 and 2610?
870
What is the highest common divisor of 2010 and 8040670?
670
What is the greatest common factor of 90805230 and 285?
15
What is the highest common factor of 552 and 145225335?
69
Calculate the highest common factor of 402847322 and 5894.
842
Calculate the greatest common divisor of 7 and 26645969.
7
Calculate the greatest common factor of 2919600 and 550800.
3600
What is the highest common divisor of 734 and 1149075899?
367
What is the greatest common divisor of 136280912 and 16?
16
Calculate the highest common factor of 3568 and 13936432.
16
Calculate the greatest common factor of 13867 and 942673.
283
Calculate the greatest common divisor of 10375 and 1535749.
83
What is the highest common divisor of 424323738 and 8508?
4254
Calculate the highest common divisor of 22 and 15854672.
2
Calculate the highest common factor of 1388194916 and 17412.
5804
Calculate the highest common factor of 36980231 and 46548.
431
What is the greatest common factor of 2103927 and 20748?
399
Calculate the greatest common factor of 129476515 and 35.
35
Calculate the highest common divisor of 70768 and 188.
4
What is the highest common divisor of 86208 and 94944?
96
Calculate the greatest common divisor of 4956 and 6992562.
354
What is the greatest common divisor of 30634 and 4186947?
901
What is the highest common factor of 40 and 726833160?
40
What is the greatest common divisor of 1541 and 9775099?
67
Calculate the greatest common factor of 133114731 and 207.
69
Calculate the highest common factor of 2652 and 12958998.
1326
Calculate the highest common factor of 109352 and 2968.
8
What is the highest common factor of 888808 and 169664?
1928
What is the highest common divisor of 2548999678 and 566?
566
What is the greatest common factor of 12245 and 582955?
155
What is the highest common factor of 1124400 and 120675?
75
Calculate the highest common factor of 19880 and 1278816.
56
Calculate the greatest common divisor of 1109376 and 128376.
72
Calculate the highest common divisor of 141507 and 243.
81
What is the greatest common divisor of 133688744 and 98?
14
What is the greatest common factor of 50 and 528113050?
50
What is the highest common factor of 321882 and 132726?
66
Calculate the greatest common divisor of 11309 and 6324887.
263
What is the greatest common factor of 13935723 and 345?
69
Calculate the greatest common factor of 104957637 and 7198.
3599
What is the highest common factor of 344605933 and 35?
7
What is the highest common divisor of 25762 and 18227?
11
What is the greatest common divisor of 32959864 and 56?
56
Calculate the highest common divisor of 74358 and 22491.
459
What is the greatest common divisor of 31164 and 186396?
588
What is the greatest common divisor of 55713 and 5260899?
7959
What is the highest common factor of 1474030 and 1983?
661
What is the greatest common divisor of 11632152 and 7168?
56
Calculate the highest common divisor of 408 and 10044246.
102
What is the highest common divisor of 539 and 846818?
49
What is the greatest common divisor of 56475 and 77142591?
2259
Calculate the highest common divisor of 13284 and 80109.
81
Calculate the highest common divisor of 448 and 8571024.
112
Calculate the greatest common factor of 16 and 283505792.
16
Calculate the highest common factor of 3288 and 6582028.
548
What is the highest common divisor of 13070509 and 193177?
851
What is the greatest common factor of 130 and 420388020?
130
What is the greatest common factor of 24208 and 85136?
272
What is the greatest common factor of 424 and 127730?
106
What is the highest common divisor of 518924 and 1333?
43
What is the highest common divisor of 8 and 78348224?
8
What is the highest common factor of 13226862 and 627?
33
What is the greatest common divisor of 19520415 and 90?
45
What is the greatest common factor of 2688 and 10400768?
896
Calculate the greatest common divisor of 504390 and 4179790.
3910
Calculate the greatest common factor of 82018170 and 6318.
2106
What is the greatest common factor of 3996 and 467384?
148
Calculate the highest common divisor of 6290776 and 105968.
1432
What is the highest common divisor of 263189232 and 1008?
144
What is the greatest common divisor of 8218904 and 4?
4
What is the greatest common divisor of 40040 and 765310?
910
What is the greatest common factor of 106 and 164777901?
53
Calculate the greatest common divisor of 69179139 and 99.
9
Calculate the highest common divisor of 832136 and 24424.
344
What is the greatest common factor of 2208 and 80551776?
96
Calculate the highest common divisor of 71 and 23196197.
71
Calculate the greatest common factor of 3774 and 15224982.
222
What is the highest common divisor of 566 and 1097876143?
283
Calculate the greatest common divisor of 56121468 and 468.
156
What is the highest common divisor of 27781 and 1768?
13
Calculate the greatest common divisor of 735568 and 1054.
62
Calculate the greatest common divisor of 10037364